{"id":6,"date":"2012-10-11T20:05:00","date_gmt":"2012-10-11T18:05:00","guid":{"rendered":"http:\/\/florian-bergmann.com\/wordpress\/?page_id=6"},"modified":"2026-01-17T14:35:31","modified_gmt":"2026-01-17T12:35:31","slug":"biografie","status":"publish","type":"page","link":"http:\/\/www.florian-bergmann.com\/wordpress\/biografie\/","title":{"rendered":"biografie"},"content":{"rendered":"\t\t<div data-elementor-type=\"wp-page\" data-elementor-id=\"6\" class=\"elementor elementor-6\">\n\t\t\t\t<div class=\"elementor-element elementor-element-32be029c e-flex e-con-boxed e-con e-parent\" data-id=\"32be029c\" data-element_type=\"container\" data-settings=\"{&quot;background_background&quot;:&quot;classic&quot;}\">\n\t\t\t\t\t<div class=\"e-con-inner\">\n\t\t\t\t<div class=\"elementor-element elementor-element-1809632 elementor-widget__width-auto elementor-widget elementor-widget-lorne_core_section_title\" data-id=\"1809632\" data-element_type=\"widget\" data-widget_type=\"lorne_core_section_title.default\">\n\t\t\t\t<div class=\"elementor-widget-container\">\n\t\t\t\t\t<div class=\"qodef-shortcode qodef-m  qodef-section-title qodef-alignment--right  qodef--has-appear\">\n\t\t\t<span class=\"qodef-m-title\" style=\"font-weight: 200\">\n\t\t\t\t\tBiografie\t\t\t<\/span>\n\t\t<\/div>\n\t\t\t\t<\/div>\n\t\t\t\t<\/div>\n\t\t<div class=\"elementor-element elementor-element-0539375 e-grid e-con-full e-con e-child\" data-id=\"0539375\" data-element_type=\"container\">\n\t\t\t\t<div class=\"elementor-element elementor-element-16b48fa6 elementor-widget__width-initial elementor-widget elementor-widget-text-editor\" data-id=\"16b48fa6\" data-element_type=\"widget\" data-widget_type=\"text-editor.default\">\n\t\t\t\t<div class=\"elementor-widget-container\">\n\t\t\t\t\t\t\t\t\t<p><\/p>\n<p style=\"font-weight: 400;\"><strong>Florian Bergmann<\/strong> (geboren 1984 in Berlin) ist Komponist, Multiinstrumentalist und Performer. Er ist k\u00fcnstlerisch in einem weiten Spektrum zeitgen\u00f6ssischer Musik beheimatet, welches sich von der Neuen Musik \u00fcber das zeitgen\u00f6ssische Musiktheater bis hin zur experimentellen Jazz- und Improvisationsmusik erstreckt. Er studierte von 2004 bis 2009 an der Hochschule f\u00fcr Musik \u201eHanns Eisler\u201c und an der Universit\u00e4t der K\u00fcnste Berlin.<\/p>\n<p style=\"font-weight: 400;\">Der Fokus seiner Arbeit liegt auf der Komposition instrumentaler Kammermusik, in welcher er seine Leidenschaft f\u00fcr die Erforschung ungew\u00f6hnlicher Kl\u00e4nge und Klangkombination mit dem tiefen Verst\u00e4ndnis der rhythmischen Flexibilit\u00e4t und Komplexit\u00e4t des Jazz und dem Hang zur theatralischen Inszenierung von Musik verbindet. Viele seiner Werke enthalten innovative Pr\u00e4parationen der Instrumente, performative Elemente oder f\u00fchren nicht-instrumentale Kl\u00e4nge (auf elektro-akustische Weise) in den musikalischen Diskurs ein.<\/p>\n<p style=\"font-weight: 400;\">Er komponierte Werke f\u00fcr sein Trio Transmitter (mit Benedikt Bindewald und Alba Gentili-Tedeschi), das Saxophonquartett Fo[u]r Alto, das Kreuzberger Klarinettenkollektiv, das Circuit Training Ensemble, das Ensemble 5of6, das No Input Ensemble Paris, die Schlagzeugerin Sabrina Ma, f\u00fcr diverse Jazzformationen u.v.a.<br>Dar\u00fcber hinaus schrieb er Musik f\u00fcr zahlreiche Musiktheaterst\u00fccke, darunter \u201eBubbles\u201c (Theater o.N. Berlin, 2022), \u201eMusic Adventure Game\u201c (online-release, 2022), \u201eStadt der Arbeit\u201c (Neue Philharmonie Westfalen, 2021), \u201eDunkel ist die Nacht, Rigoletto!\u201c (Bielefelder Philharmoniker, 2020), \u201eKlangquadrat\u201c (Theater o.N. Berlin, 2017), \u201ePerspectives\u201c (Ballhaus Ost, 2012), \u201eThe Wood Project\u201c (Pumpenhaus M\u00fcnster, 2011).<\/p>\n<p style=\"font-weight: 400;\">Bergmann erhielt Kompositionsstipendien vom Musikfonds (2022 und 2023), vom Berliner Kultursenat (2021 und 2024) und von der Deutschen Orchesterstiftung (2021). Seine Projekte wurden gef\u00f6rdert vom Hauptstadtkulturfonds, vom Musikfonds, von der initiative neue musik berlin und vom Berliner Kultursenat.<\/p>\n<p style=\"\">Als (Bass-)Klarinettist und Saxophonist spielte er u.a. beim Acht Br\u00fccken Festival K\u00f6ln, Festival D\u2019Automne \u00e0 Paris, Grec Festival Barcelona, M\u00fcnchener Biennale, Musiktheatertage Wien, Glatt&amp;amp;Verkehrt Krems, Multiphonic Festival K\u00f6ln, Unerh\u00f6rte Musik &amp;amp; Kontraklang Berlin, Wuppertaler Jazzmeeting, Leipziger Jazztage, Jazzfestival Dresden, Philharmonie &amp; Konzerthaus Berlin, Deutsche Oper Berlin, Berliner Ensemble &amp; Deutsches Theater, Nationaltheater Weimar, Neuk\u00f6llner Oper und in ganz Europa, den USA, China, Brasilien, Taiwan und Singapur. 2011 war er Preistr\u00e4ger des Hanns-Eisler-Preises f\u00fcr zeitgen\u00f6ssische Interpretation.<\/p><p style=\"\"><span style=\"font-weight: 400;\">Seine Werke werden seit 2024 in der Universal Edition verlegt, Einspielungen wurden ver\u00f6ffentlicht auf NEOS Music, Transmitter Music, Unit Records und Umlaut Records.<\/span><\/p>\n<div title=\"Page 1\">Florian Bergmann bei der <span style=\"text-decoration: underline;\"><em><a href=\"https:\/\/www.universaledition.com\/Personen\/Florian-Bergmann\/\" target=\"_blank\" rel=\"noopener\">Universal Edition<\/a><\/em><\/span><\/div>\n<div title=\"Page 1\">\n<hr>\n<\/div>\n<div title=\"Page 1\">Florian Bergmann bei <em><a href=\"https:\/\/de.wikipedia.org\/wiki\/Florian_Bergmann_(Musiker)\" target=\"_blank\" rel=\"noopener noreferrer\"><span style=\"text-decoration: underline;\">Wikipedia<\/span><\/a><\/em><\/div>\n<p><\/p>\t\t\t\t\t\t\t\t<\/div>\n\t\t\t\t<\/div>\n\t\t<div class=\"elementor-element elementor-element-ac5e3ad e-con-full e-flex e-con e-child\" data-id=\"ac5e3ad\" data-element_type=\"container\">\n\t\t\t\t<div class=\"elementor-element elementor-element-1f82b81 elementor-widget elementor-widget-qi_addons_for_elementor_image_slider\" data-id=\"1f82b81\" data-element_type=\"widget\" data-widget_type=\"qi_addons_for_elementor_image_slider.default\">\n\t\t\t\t<div class=\"elementor-widget-container\">\n\t\t\t\t\t<div class=\"qodef-shortcode qodef-m qodef-qi-image-slider qodef-qi-fslightbox-popup qodef-popup-gallery qodef-image--hover-zoom-out qodef-col-num--1 qodef-qi-grid qodef-qi-swiper-container\" data-options=\"{&quot;direction&quot;:&quot;horizontal&quot;,&quot;slidesPerView&quot;:&quot;1&quot;,&quot;spaceBetween&quot;:30,&quot;spaceBetweenTablet&quot;:30,&quot;spaceBetweenMobile&quot;:30,&quot;effect&quot;:&quot;slide&quot;,&quot;loop&quot;:true,&quot;autoplay&quot;:true,&quot;centeredSlides&quot;:true,&quot;speed&quot;:&quot;&quot;,&quot;speedAnimation&quot;:&quot;&quot;,&quot;outsideNavigation&quot;:&quot;no&quot;,&quot;outsidePagination&quot;:&quot;no&quot;,&quot;unique&quot;:21,&quot;partialValue&quot;:0,&quot;disablePartialValue&quot;:&quot;&quot;,&quot;parallax&quot;:&quot;no&quot;}\">\n\t<div class=\"swiper-wrapper\">\n\t\t<div class=\"qodef-e swiper-slide\">\n\t<div class=\"qodef-e-inner\">\n\t\t<div class=\"qodef-e-inner-holder\">\n\t\t\t\t\t\t\t<a class=\"qodef-popup-item\" itemprop=\"image\" href=\"http:\/\/www.florian-bergmann.com\/wordpress\/wp-content\/uploads\/2024\/10\/Florian_Bergmann_1_\u00a9_Ola_Orlikowska-scaled.jpg\" data-type=\"image\" data-fslightbox=\"gallery-21\" data-e-disable-page-transition=\u201dtrue\u201d>\n\t\t\t\t\t\t\t<img fetchpriority=\"high\" decoding=\"async\" width=\"650\" height=\"1300\" src=\"http:\/\/www.florian-bergmann.com\/wordpress\/wp-content\/uploads\/2024\/10\/Florian_Bergmann_1_\u00a9_Ola_Orlikowska-650x1300.jpg\" class=\"attachment-qi_addons_for_elementor_image_size_portrait size-qi_addons_for_elementor_image_size_portrait\" alt=\"\u00a9 Ola Orlikowska\" \/>\t\t\t\t\t\t\t<\/a>\n\t\t\t\t\t<\/div>\n\t<\/div>\n\t<\/div>\n<div class=\"qodef-e swiper-slide\">\n\t<div class=\"qodef-e-inner\">\n\t\t<div class=\"qodef-e-inner-holder\">\n\t\t\t\t\t\t\t<a class=\"qodef-popup-item\" itemprop=\"image\" href=\"http:\/\/www.florian-bergmann.com\/wordpress\/wp-content\/uploads\/2024\/10\/240815_Florian_0276-copy-scaled.jpg\" data-type=\"image\" data-fslightbox=\"gallery-21\" data-e-disable-page-transition=\u201dtrue\u201d>\n\t\t\t\t\t\t\t<img decoding=\"async\" width=\"650\" height=\"1300\" src=\"http:\/\/www.florian-bergmann.com\/wordpress\/wp-content\/uploads\/2024\/10\/240815_Florian_0276-copy-650x1300.jpg\" class=\"attachment-qi_addons_for_elementor_image_size_portrait size-qi_addons_for_elementor_image_size_portrait\" alt=\"\u00a9 Ola Orlikowska\" \/>\t\t\t\t\t\t\t<\/a>\n\t\t\t\t\t<\/div>\n\t<\/div>\n\t<\/div>\n<div class=\"qodef-e swiper-slide\">\n\t<div class=\"qodef-e-inner\">\n\t\t<div class=\"qodef-e-inner-holder\">\n\t\t\t\t\t\t\t<a class=\"qodef-popup-item\" itemprop=\"image\" href=\"http:\/\/www.florian-bergmann.com\/wordpress\/wp-content\/uploads\/2024\/10\/240815_Florian_0925-Edit-scaled.jpg\" data-type=\"image\" data-fslightbox=\"gallery-21\" data-e-disable-page-transition=\u201dtrue\u201d>\n\t\t\t\t\t\t\t<img decoding=\"async\" width=\"650\" height=\"1300\" src=\"http:\/\/www.florian-bergmann.com\/wordpress\/wp-content\/uploads\/2024\/10\/240815_Florian_0925-Edit-650x1300.jpg\" class=\"attachment-qi_addons_for_elementor_image_size_portrait size-qi_addons_for_elementor_image_size_portrait\" alt=\"\u00a9 Ola Orlikowska\" \/>\t\t\t\t\t\t\t<\/a>\n\t\t\t\t\t<\/div>\n\t<\/div>\n\t<\/div>\n\t<\/div>\n\t<\/div>\n\t\t\t\t<\/div>\n\t\t\t\t<\/div>\n\t\t\t\t<div class=\"elementor-element elementor-element-32aacf7 e-transform elementor-widget elementor-widget-text-editor\" data-id=\"32aacf7\" data-element_type=\"widget\" data-settings=\"{&quot;_transform_translateX_effect&quot;:{&quot;unit&quot;:&quot;em&quot;,&quot;size&quot;:&quot;&quot;,&quot;sizes&quot;:[]},&quot;_transform_translateX_effect_tablet&quot;:{&quot;unit&quot;:&quot;em&quot;,&quot;size&quot;:&quot;&quot;,&quot;sizes&quot;:[]},&quot;_transform_translateX_effect_mobile&quot;:{&quot;unit&quot;:&quot;em&quot;,&quot;size&quot;:&quot;&quot;,&quot;sizes&quot;:[]},&quot;_transform_translateY_effect&quot;:{&quot;unit&quot;:&quot;em&quot;,&quot;size&quot;:-2,&quot;sizes&quot;:[]},&quot;_transform_translateY_effect_tablet&quot;:{&quot;unit&quot;:&quot;em&quot;,&quot;size&quot;:&quot;&quot;,&quot;sizes&quot;:[]},&quot;_transform_translateY_effect_mobile&quot;:{&quot;unit&quot;:&quot;em&quot;,&quot;size&quot;:&quot;&quot;,&quot;sizes&quot;:[]}}\" data-widget_type=\"text-editor.default\">\n\t\t\t\t<div class=\"elementor-widget-container\">\n\t\t\t\t\t\t\t\t\t<h6 class=\"qodef-m-title\" style=\"text-align: right;\">photos \u00a9 Ola Orlikowska<\/h6>\t\t\t\t\t\t\t\t<\/div>\n\t\t\t\t<\/div>\n\t\t\t\t<\/div>\n\t\t\t\t<\/div>\n\t\t\t\t\t<\/div>\n\t\t\t\t<\/div>\n\t\t\t\t<section class=\"elementor-section elementor-top-section elementor-element elementor-element-171b6e2 elementor-section-boxed elementor-section-height-default elementor-section-height-default qodef-elementor-content-no\" data-id=\"171b6e2\" data-element_type=\"section\" id=\"kontakt\" data-settings=\"{&quot;background_background&quot;:&quot;classic&quot;}\">\n\t\t\t\t\t\t<div class=\"elementor-container elementor-column-gap-default\">\n\t\t\t\t\t<div class=\"elementor-column elementor-col-100 elementor-top-column elementor-element elementor-element-b4609bb\" data-id=\"b4609bb\" data-element_type=\"column\">\n\t\t\t<div class=\"elementor-widget-wrap elementor-element-populated\">\n\t\t\t\t\t\t<div class=\"elementor-element elementor-element-2545a4d elementor-widget elementor-widget-lorne_core_section_title\" data-id=\"2545a4d\" data-element_type=\"widget\" data-widget_type=\"lorne_core_section_title.default\">\n\t\t\t\t<div class=\"elementor-widget-container\">\n\t\t\t\t\t<div class=\"qodef-shortcode qodef-m  qodef-section-title qodef-alignment--left  \">\n\t\t\t<h2 class=\"qodef-m-title\" style=\"font-weight: 300\">\n\t\t\t\t\tKontakt\t\t\t<\/h2>\n\t\t<\/div>\n\t\t\t\t<\/div>\n\t\t\t\t<\/div>\n\t\t\t\t<div class=\"elementor-element elementor-element-aea9b63 elementor-widget elementor-widget-lorne_core_accordion\" data-id=\"aea9b63\" data-element_type=\"widget\" data-widget_type=\"lorne_core_accordion.default\">\n\t\t\t\t<div class=\"elementor-widget-container\">\n\t\t\t\t\t<div class=\"qodef-shortcode qodef-m  qodef-accordion clear qodef-behavior--accordion qodef-layout--simple\">\n\t<h4 class=\"qodef-accordion-title\">\n\t<span class=\"qodef-tab-title\"><\/span>\n\t<span class=\"qodef-accordion-mark\">\n\t\t<svg class=\"qodef-svg--arrow\" xmlns=\"http:\/\/www.w3.org\/2000\/svg\" viewBox=\"0 0 164 153.7\" style=\"enable-background:new 0 0 164 153.7;\" xml:space=\"preserve\"><path d=\"M0 76.8h164 \"\/><path d=\"M82.9.2c22.5 61.5 70 73.1 81 76 2.7.7-47.5 4.5-68-32.1C85.5 25.6 81.8-2.7 82.9.2z\"\/><path d=\"M82.9 153.5c22.5-61.5 70-73.1 81-76 2.7-.7-47.5-4.5-68 32.1-10.4 18.4-14.1 46.8-13 43.9z\"\/><\/svg>\t<\/span>\n<\/h4>\n<div class=\"qodef-accordion-content\">\n\t<div class=\"qodef-accordion-content-inner\">\n\t\t<p>Florian Bergmann<br \/>Berthelsdorfer Str. 9<br \/>12043 Berlin<\/p><hr \/>\t<\/div>\n<\/div>\n<\/div>\n\t\t\t\t<\/div>\n\t\t\t\t<\/div>\n\t\t\t\t<div class=\"elementor-element elementor-element-bfbe804 elementor-widget elementor-widget-lorne_core_social_links\" data-id=\"bfbe804\" data-element_type=\"widget\" data-widget_type=\"lorne_core_social_links.default\">\n\t\t\t\t<div class=\"elementor-widget-container\">\n\t\t\t\t\t<div class=\"qodef-shortcode qodef-m  qodef-social-links \">\n\t<div class=\"qodef-m-social-links\">\n\t\t\t\t\t<a itemprop=\"url\" class=\"qodef-m-social-link qodef-e\" href=\"mailto:info@florian-bergmann.com\" target=\"_blank\">\n\t\t\t\t<span class=\"qodef-e-social-text\">E-Mail<\/span>\n\t\t\t\t<span class=\"qodef-icon--textual-svg\">\n\t\t\t\t\t<svg class=\"qodef-svg--social-hover\" xmlns=\"http:\/\/www.w3.org\/2000\/svg\" xmlns:xlink=\"http:\/\/www.w3.org\/1999\/xlink\" viewBox=\"0 0 27.829 16.196\"><path d=\"M-3494.646,10006.939s-16.375-.069-16.628-6.6,14.006-6.936,14.006-6.936,12.823.4,12.819,6.936-14.151,8.265-14.151,8.265\" transform=\"translate(3511.778 -9992.899)\" \/><\/svg>\t\t\t\t<\/span>\n\t\t\t<\/a>\n\t\t\t\t\t<a itemprop=\"url\" class=\"qodef-m-social-link qodef-e\" href=\"https:\/\/www.youtube.com\/channel\/UC6E4QW358PDoqgJk2ZJCcWQ\" target=\"_blank\">\n\t\t\t\t<span class=\"qodef-e-social-text\">Youtube<\/span>\n\t\t\t\t<span class=\"qodef-icon--textual-svg\">\n\t\t\t\t\t<svg class=\"qodef-svg--social-hover\" xmlns=\"http:\/\/www.w3.org\/2000\/svg\" xmlns:xlink=\"http:\/\/www.w3.org\/1999\/xlink\" viewBox=\"0 0 27.829 16.196\"><path d=\"M-3494.646,10006.939s-16.375-.069-16.628-6.6,14.006-6.936,14.006-6.936,12.823.4,12.819,6.936-14.151,8.265-14.151,8.265\" transform=\"translate(3511.778 -9992.899)\" \/><\/svg>\t\t\t\t<\/span>\n\t\t\t<\/a>\n\t\t\t\t\t<a itemprop=\"url\" class=\"qodef-m-social-link qodef-e\" href=\"https:\/\/www.facebook.com\/florian.bergmann.9237\" target=\"_blank\">\n\t\t\t\t<span class=\"qodef-e-social-text\">Facebook<\/span>\n\t\t\t\t<span class=\"qodef-icon--textual-svg\">\n\t\t\t\t\t<svg class=\"qodef-svg--social-hover\" xmlns=\"http:\/\/www.w3.org\/2000\/svg\" xmlns:xlink=\"http:\/\/www.w3.org\/1999\/xlink\" viewBox=\"0 0 27.829 16.196\"><path d=\"M-3494.646,10006.939s-16.375-.069-16.628-6.6,14.006-6.936,14.006-6.936,12.823.4,12.819,6.936-14.151,8.265-14.151,8.265\" transform=\"translate(3511.778 -9992.899)\" \/><\/svg>\t\t\t\t<\/span>\n\t\t\t<\/a>\n\t\t\t\t\t<a itemprop=\"url\" class=\"qodef-m-social-link qodef-e\" href=\"https:\/\/www.instagram.com\/florian.bergmann_composer\" target=\"_blank\">\n\t\t\t\t<span class=\"qodef-e-social-text\">Instagram<\/span>\n\t\t\t\t<span class=\"qodef-icon--textual-svg\">\n\t\t\t\t\t<svg class=\"qodef-svg--social-hover\" xmlns=\"http:\/\/www.w3.org\/2000\/svg\" xmlns:xlink=\"http:\/\/www.w3.org\/1999\/xlink\" viewBox=\"0 0 27.829 16.196\"><path d=\"M-3494.646,10006.939s-16.375-.069-16.628-6.6,14.006-6.936,14.006-6.936,12.823.4,12.819,6.936-14.151,8.265-14.151,8.265\" transform=\"translate(3511.778 -9992.899)\" \/><\/svg>\t\t\t\t<\/span>\n\t\t\t<\/a>\n\t\t\t<\/div>\n<\/div>\n\t\t\t\t<\/div>\n\t\t\t\t<\/div>\n\t\t\t\t\t<\/div>\n\t\t<\/div>\n\t\t\t\t\t<\/div>\n\t\t<\/section>\n\t\t\t\t<\/div>\n\t\t","protected":false},"excerpt":{"rendered":"<p>Biografie Florian Bergmann (geboren 1984 in Berlin) ist Komponist, Multiinstrumentalist und Performer. Er ist k\u00fcnstlerisch in einem weiten Spektrum zeitgen\u00f6ssischer Musik beheimatet, welches sich von der Neuen Musik \u00fcber das zeitgen\u00f6ssische Musiktheater bis hin zur experimentellen Jazz- und Improvisationsmusik erstreckt. Er studierte von 2004 bis 2009 an der Hochschule f\u00fcr Musik \u201eHanns Eisler\u201c und an [&hellip;]<\/p>\n","protected":false},"author":1,"featured_media":0,"parent":0,"menu_order":1,"comment_status":"closed","ping_status":"closed","template":"page-full-width.php","meta":{"footnotes":""},"class_list":["post-6","page","type-page","status-publish","hentry"],"_links":{"self":[{"href":"http:\/\/www.florian-bergmann.com\/wordpress\/wp-json\/wp\/v2\/pages\/6","targetHints":{"allow":["GET"]}}],"collection":[{"href":"http:\/\/www.florian-bergmann.com\/wordpress\/wp-json\/wp\/v2\/pages"}],"about":[{"href":"http:\/\/www.florian-bergmann.com\/wordpress\/wp-json\/wp\/v2\/types\/page"}],"author":[{"embeddable":true,"href":"http:\/\/www.florian-bergmann.com\/wordpress\/wp-json\/wp\/v2\/users\/1"}],"replies":[{"embeddable":true,"href":"http:\/\/www.florian-bergmann.com\/wordpress\/wp-json\/wp\/v2\/comments?post=6"}],"version-history":[{"count":276,"href":"http:\/\/www.florian-bergmann.com\/wordpress\/wp-json\/wp\/v2\/pages\/6\/revisions"}],"predecessor-version":[{"id":12223,"href":"http:\/\/www.florian-bergmann.com\/wordpress\/wp-json\/wp\/v2\/pages\/6\/revisions\/12223"}],"wp:attachment":[{"href":"http:\/\/www.florian-bergmann.com\/wordpress\/wp-json\/wp\/v2\/media?parent=6"}],"curies":[{"name":"wp","href":"https:\/\/api.w.org\/{rel}","templated":true}]}}